onvert 2 (base 9) to base 8.
2
What is 1131 (base 5) in base 4?
2212
What is 206 (base 12) in base 16?
126
What is -79 (base 10) in base 9?
-87
Convert -1 (base 10) to base 8.
-1
Convert -2 (base 5) to base 4.
-2
Convert -1a (base 15) to base 12.
-21
Convert -2 (base 14) to base 6.
-2
Convert -531 (base 8) to base 12.
-249
What is 120 (base 5) in base 12?
2b
-22 (base 16) to base 13
-28
2 (base 14) to base 7
2
Convert 1 (base 2) to base 10.
1
-10010 (base 2) to base 9
-20
-9 (base 11) to base 12
-9
What is -8 (base 9) in base 3?
-22
What is -1 (base 15) in base 3?
-1
-5 (base 11) to base 12
-5
Convert 8 (base 11) to base 6.
12
Convert 40 (base 5) to base 16.
14
-29 (base 16) to base 12
-35
1b1 (base 13) to base 12
221
Convert -8 (base 12) to base 3.
-22
Convert -81 (base 11) to base 9.
-108
Convert 31 (base 6) to base 5.
34
14 (base 8) to base 10
12
-4 (base 11) to base 13
-4
1 (base 7) to base 10
1
Convert 40 (base 5) to base 7.
26
Convert 0 (base 7) to base 13.
0
Convert 3 (base 13) to base 10.
3
Convert -b (base 15) to base 16.
-b
What is 101010 (base 2) in base 4?
222
Convert 13 (base 5) to base 10.
8
Convert 100 (base 2) to base 14.
4
Convert 6 (base 11) to base 7.
6
Convert 166 (base 7) to base 2.
1100001
Convert 95 (base 16) to base 3.
12112
Convert -8 (base 9) to base 7.
-11
Convert 202 (base 5) to base 8.
64
1404 (base 5) to base 3
22111
Convert 25 (base 6) to base 14.
13
Convert 273 (base 12) to base 6.
1423
What is -7 (base 9) in base 11?
-7
-100011 (base 2) to base 4
-203
What is -14 (base 5) in base 4?
-21
What is -57 (base 13) in base 9?
-80
Convert -22 (base 14) to base 5.
-110
Convert 85 (base 11) to base 8.
135
What is 3 (base 14) in base 9?
3
What is 3 (base 7) in base 3?
10
What is 20 (base 5) in base 9?
11
44 (base 7) to base 2
100000
Convert -15 (base 14) to base 4.
-103
Convert -c (base 13) to base 8.
-14
-1 (base 7) to base 13
-1
16 (base 10) to base 15
11
What is 0 (base 3) in base 15?
0
Convert -1101100 (base 2) to base 13.
-84
What is -76 (base 11) in base 10?
-83
Convert -23 (base 6) to base 2.
-1111
Convert -4 (base 8) to base 13.
-4
What is -5d (base 14) in base 13?
-65
-2 (base 6) to base 8
-2
What is 11 (base 4) in base 14?
5
Convert 44 (base 6) to base 3.
1001
-302 (base 4) to base 7
-101
What is -21 (base 11) in base 13?
-1a
Convert 8b (base 13) to base 6.
311
What is 4 (base 6) in base 7?
4
What is 0 (base 15) in base 14?
0
What is -45 (base 8) in base 11?
-34
134 (base 5) to base 14
32
125 (base 7) to base 13
53
-22 (base 11) to base 6
-40
Convert -2 (base 9) to base 10.
-2
-62 (base 12) to base 11
-68
Convert 34 (base 7) to base 2.
11001
31 (base 11) to base 4
202
Convert 12 (base 3) to base 11.
5
24 (base 9) to base 4
112
What is -21 (base 3) in base 11?
-7
0 (base 6) to base 8
0
What is -1 (base 11) in base 2?
-1
What is 100 (base 4) in base 8?
20
-13 (base 14) to base 2
-10001
What is -2 (base 7) in base 12?
-2
Convert 2 (base 7) to base 2.
10
What is 62 (base 13) in base 9?
88
-49 (base 11) to base 14
-3b
-100111101 (base 2) to base 7
-632
-2b (base 16) to base 11
-3a
Convert -81 (base 10) to base 2.
-1010001
24 (base 5) to base 12
12
242 (base 8) to base 7
321
-2 (base 8) to base 6
-2
What is 17 (base 11) in base 16?
12
What is 4 (base 10) in base 15?
4
11 (base 4) to base 12
5
Convert 3 (base 5) to base 13.
3
-58 (base 16) to base 15
-5d
1b (base 13) to base 12
20
2 (base 9) to base 15
2
What is 210 (base 3) in base 6?
33
-3 (base 9) to base 6
-3
What is -23 (base 11) in base 9?
-27
10 (base 5) to base 6
5
Convert -a (base 16) to base 4.
-22
Convert 4 (base 11) to base 2.
100
Convert 4 (base 14) to base 11.
4
What is -1101 (base 2) in base 9?
-14
Convert -9 (base 15) to base 13.
-9
-2 (base 11) to base 14
-2
Convert -1a (base 12) to base 4.
-112
-30 (base 10) to base 6
-50
-80 (base 9) to base 8
-110
6 (base 16) to base 4
12
What is 8 (base 12) in base 2?
1000
Convert -11 (base 5) to base 4.
-12
530 (base 7) to base 16
10a
Convert -10 (base 15) to base 5.
-30
What is 142 (base 5) in base 7?
65
What is 10110 (base 2) in base 6?
34
-2 (base 5) to base 13
-2
Convert 4 (base 10) to base 16.
4
What is 25 (base 6) in base 13?
14
110 (base 5) to base 10
30
0 (base 7) to base 6
0
What is -5 (base 11) in base 2?
-101
What is -10 (base 5) in base 15?
-5
Convert -101 (base 2) to base 10.
-5
Convert 9 (base 11) to base 6.
13
What is 1010 (base 4) in base 13?
53
What is -2 (base 3) in base 15?
-2
What is 13 (base 4) in base 15?
7
What is 4 (base 14) in base 12?
4
What is 122 (base 13) in base 8?
305
Convert -11 (base 5) to base 10.
-6
What is 7c (base 15) in base 5?
432
Convert 33 (base 12) to base 10.
39
What is -3 (base 16) in base 8?
-3
-4 (base 9) to base 15
-4
150 (base 7) to base 12
70
110 (base 5) to base 7
42
211 (base 3) to base 5
42
-232 (base 4) to base 10
-46
What is -17 (base 14) in base 4?
-111
Convert -1 (base 14) to base 5.
-1
Convert -230 (base 6) to base 13.
-6c
What is -1a (base 16) in base 4?
-122
Convert -210 (base 3) to base 9.
-23
What is -6 (base 7) in base 15?
-6
Convert 333 (base 4) to base 12.
53
-106 (base 7) to base 13
-43
Convert -14 (base 16) to base 3.
-202
100 (base 2) to base 8
4
0 (base 8) to base 5
0
Convert 10 (base 2) to base 7.
2
What is 6 (base 11) in base 12?
6
What is -202 (base 3) in base 4?
-110
Convert 11 (base 12) to base 7.
16
Convert -122 (base 5) to base 12.
-31
What is 3 (base 16) in base 2?
11
10 (base 7) to base 11
7
2 (base 5) to base 14
2
What is 1111101 (base 2) in base 7?
236
What is -46 (base 11) in base 14?
-38
What is -15 (base 12) in base 3?
-122
What is 101 (base 2) in base 8?
5
201 (base 8) to base 9
153
Convert 210 (base 4) to base 11.
33
Convert -3 (base 10) to base 12.
-3
Convert 172 (base 10) to base 14.
c4
-11 (base 7) to base 8
-10
What is 6 (base 12) in base 10?
6
What is 2021 (base 3) in base 5?
221
11001 (base 2) to base 3
221
Convert 1444 (base 5) to base 14.
13b
What is 1d (base 15) in base 7?
40
What is 1 (base 8) in base 14?
1
What is -12 (base 4) in base 15?
-6
-11 (base 2) to base 10
-3
Convert 12 (base 6) to base 16.
8
What is 0 (base 10) in base 14?
0
Convert 3 (base 6) to base 12.
3
-1c1 (base 13) to base 6
-1302
What is 4 (base 12) in base 4?
10
Convert -1 (base 9) to base 8.
-1
What is -113 (base 4) in base 8?
-27
-125 (base 10) to base 8
-175
Convert 100110 (base 2) to base 15.
28
11 (base 5) to base 10
6
1 (base 13) to base 10
1
-3 (base 14) to base 16
-3
6 (base 8) to base 3
20
What is -1 (base 10) in base 15?
-1
Convert -5 (base 16) to base 6.
-5
Convert a (base 15) to base 5.
20
Convert 3 (base 9) to base 11.
3
Convert 322 (base 7) to base 6.
431
-1000000 (base 2) to base 16
-40
What is -1 (base 13) in base 3?
-1
Convert -28 (base 10) to base 4.
-130
Convert 22 (base 6) to base 10.
14
Convert 7b (base 16) to base 11.
102
What is -422 (base 5) in base 14?
-80
What is 24 (base 14) in base 6?
52
Convert 31 (base 4) to base 3.
111
30 (base 8) to base 15
19
What is -110111 (base 2) in base 5?
-210
What is -111101 (base 2) in base 8?
-75
-10 (base 2) to base 5
-2
Convert 212 (base 3) to base 7.
32
Convert 5 (base 6) to base 15.
5
c6 (base 14) to base 15
b9
133 (base 6) to base 10
57
What is 63 (base 10) in base 16?
3f
Convert -12 (base 4) to base 14.
-6
Convert 3 (base 4) to base 6.
3
Convert 447 (base 8) to base 12.
207
2 (base 10) to base 9
2
Convert 280 (base 10) to base 2.
100011000
What is -1 (base 7) in base 4?
-1
Convert 3 (base 10) to base 9.
3
Convert 10 (base 16) to base 5.
31
-14 (base 5) to base 14
-9
What is -140 (base 9) in base 7?
-225
1 (base 16) to base 15
1
41 (base 15) to base 10
61
What is 0 (base 12) in base 3?
0
What is -1 (base 13) in base 14?
-1
What is 0 (base 4) in base 7?
0
4 (base 15) to base 8
4
What is -8c (base 13) in base 4?
-1310
Convert -1b0 (base 14) to base 2.
-101011110
What is -12 (base 5) in base 4?
-13
10 (base 9) to base 3
100
What is 113 (base 4) in base 8?
27
What is -8 (base 9) in base 10?
-8
Convert -22 (base 5) to base 10.
-12
Convert 1a (base 16) to base 5.
101
1 (base 16) to base 5
1
6 (base 14) to base 6
10
Convert 121 (base 4) to base 16.
19
Convert 2a (base 14) to base 2.
100110
Convert c (base 15) to base 2.
1100
Convert 4 (base 16) to base 3.
11
What is 71 (base 9) in base 11?
5